{"id":11,"date":"2019-11-12T13:10:45","date_gmt":"2019-11-12T13:10:45","guid":{"rendered":"http:\/\/bozyogrod.pl\/?page_id=11"},"modified":"2023-09-08T18:01:46","modified_gmt":"2023-09-08T18:01:46","slug":"rekolekcje-w-ciszy","status":"publish","type":"page","link":"https:\/\/bozyogrod.eu\/?page_id=11","title":{"rendered":"Przewodnik"},"content":{"rendered":"\n<h3 class=\"wp-block-heading\">O prowadz\u0105cym i opracowuj\u0105cym rekolekcje<\/h3>\n\n\n\n<p>Nazywam si\u0119 Grzegorz Olek i jestem zafascynowany tym, jak Jezus Chrystus dzia\u0142a i mo\u017ce dzia\u0142a\u0107 w \u017cyciu ludzi takich jak Ty i ja. Zajmuj\u0119 si\u0119 rekolekcjami dlatego, \u017ce lubi\u0119 towarzyszy\u0107 ludziom w ich drodze \u017cycia z Bogiem, odkrywania tego, kim On jest, jak i radzenia sobie z trudnymi do\u015bwiadczeniami i pytaniami, kt\u00f3re przynosi \u017cycie.<\/p>\n\n\n\n<figure class=\"wp-block-image size-large\"><img loading=\"lazy\" decoding=\"async\" width=\"1024\" height=\"737\" src=\"https:\/\/bozyogrod.eu\/wp-content\/uploads\/2023\/09\/przewodnik_xGO-1024x737.jpg\" alt=\"\" class=\"wp-image-273\" srcset=\"https:\/\/bozyogrod.eu\/wp-content\/uploads\/2023\/09\/przewodnik_xGO-1024x737.jpg 1024w, https:\/\/bozyogrod.eu\/wp-content\/uploads\/2023\/09\/przewodnik_xGO-300x216.jpg 300w, https:\/\/bozyogrod.eu\/wp-content\/uploads\/2023\/09\/przewodnik_xGO-768x552.jpg 768w, https:\/\/bozyogrod.eu\/wp-content\/uploads\/2023\/09\/przewodnik_xGO-1536x1105.jpg 1536w, https:\/\/bozyogrod.eu\/wp-content\/uploads\/2023\/09\/przewodnik_xGO-487x350.jpg 487w, https:\/\/bozyogrod.eu\/wp-content\/uploads\/2023\/09\/przewodnik_xGO.jpg 2048w\" sizes=\"auto, (max-width: 1024px) 100vw, 1024px\" \/><\/figure>\n\n\n\n<p><\/p>\n\n\n\n<p>Jestem duchownym Ko\u015bcio\u0142a Ewangelicko-Augsburskiego, wyk\u0142adowc\u0105 Chrze\u015bcija\u0144skiej Akademii Teologicznej w Warszawie, dyrektorem Szko\u0142y Biblijnej Centrum Misji i Ewangelizacji Ko\u015bcio\u0142a Ewangelicko-Augsburskiego, superwizorem Towarzystwa Poradnictwa i Psychologii Pastoralnej, szcz\u0119\u015bliwym m\u0119\u017cem i ojcem dw\u00f3jki dzieci. W pa\u017adzierniku 2020 roku uko\u0144czy\u0142em dwuletni kurs Duchowego Towarzyszenia, przeprowadzony w lutera\u0144skiej Communitaet Christusbruderschaft Selbitz (Niemcy). W wolnym czasie lubi\u0119 uczy\u0107 si\u0119 nowych rzeczy, tworzy\u0107 przedstawienia teatralne i sp\u0119dza\u0107 czas z rodzin\u0105 i przyjaci\u00f3\u0142mi.<\/p>\n\n\n\n<p>Zajmuj\u0119 si\u0119 prowadzeniem i przygotowywaniem rekolekcji, bo sam do\u015bwiadczy\u0142em tego, jak bardzo potrzebne jest takie pog\u0142\u0119bianie wiary i dyscyplina w \u017cyciu duchowym. W luteranizmie szczeg\u00f3lnie ceni\u0119 otwarto\u015b\u0107 na czerpanie z praktyk duchowych Ko\u015bcio\u0142a Powszechnego oraz otwarto\u015b\u0107 na dzisiejsze formy, sposoby i postaci prze\u017cywania duchowo\u015bci. Zajmuj\u0119 si\u0119 tak\u017ce indywidualnym towarzyszeniem na drodze wiary, kt\u00f3re nazywam tutaj towarzyszeniem duchowym.<\/p>\n\n\n\n<h3 class=\"wp-block-heading\">Ewangelickie rekolekcje na co dzie\u0144?<\/h3>\n\n\n\n<p>Ewangelickie rekolekcje na co dzie\u0144 s\u0105 wyj\u015bciem do ludzi i stworzeniem mo\u017cliwo\u015bci bardziej indywidualnego prze\u017cywania studiowania S\u0142owa Bo\u017cego i modlitwy, ni\u017c ma to w wypadku spotka\u0144 o charakterze wyk\u0142adowo-odczytowym, na kt\u00f3rych jest si\u0119 w roli s\u0142uchacza. Postulat powszechnego kap\u0142a\u0144stwa wszystkich ochrzczonych i wierz\u0105cych wymaga osobistego mierzenia si\u0119 ze S\u0142owem Boga, rozmowy z Nim i czerpania z bogactwa wsp\u00f3lnoty wierz\u0105cych. Moim marzeniem jest to, aby ka\u017cdy cz\u0142owiek wierz\u0105cy by\u0142 w swoim codziennym \u017cyciu kap\u0142anem &#8211; \u017cy\u0142 S\u0142owem Bo\u017cym i wiar\u0105 w Jezusa Chrystusa, modli\u0142 si\u0119 za innych i uczy\u0142 \u017cy\u0107 mi\u0142o\u015bci\u0105 na co dzie\u0144. Mam nadziej\u0119, \u017ce rekolekcje b\u0119da pomoc\u0105 na tej drodze.<\/p>\n\n\n\n<h3 class=\"wp-block-heading\">Ewangelickie rekolekcje w ciszy?<\/h3>\n\n\n\n<p>Zdaj\u0119 sobie spraw\u0119 z tego, \u017ce ewangelickie rekolekcje w ciszy to co\u015b ma\u0142o znanego, dlatego nie b\u00f3j si\u0119 zapyta\u0107 mnie o konkretne elementy tych rekolekcji i tego, o co w nich chodzi. Sam kiedy pierwszy raz wzi\u0105\u0142em udzia\u0142 w takich rekolekcjach w Niemczech, w Klasztorze Kirchberg, nie do ko\u0144ca wiedzia\u0142em o co dok\u0142adnie chodzi. Jest to po prostu czas intensywnego prze\u017cywania modlitwy, s\u0142uchania S\u0142owa Bo\u017cego i bycia otwartym na to, co si\u0119 mo\u017ce wydarzy\u0107, kiedy skupiam si\u0119 na Bogu. Wielu ludzi szuka takiej przestrzeni, \u017ceby podj\u0105\u0107 wa\u017cn\u0105 decyzj\u0119 w \u017cyciu, zmierzy\u0107 si\u0119 z prze\u017cywanym kryzysem albo po prostu po to, \u017ceby przyjrze\u0107 si\u0119 swojemu duchowemu \u017cyciu w obecno\u015bci Boga.<\/p>\n","protected":false},"excerpt":{"rendered":"<p>O prowadz\u0105cym i opracowuj\u0105cym rekolekcje Nazywam si\u0119 Grzegorz Olek i jestem zafascynowany tym, jak Jezus Chrystus dzia\u0142a i mo\u017ce dzia\u0142a\u0107 w \u017cyciu ludzi takich jak Ty i ja. Zajmuj\u0119 si\u0119 rekolekcjami dlatego, \u017ce lubi\u0119 towarzyszy\u0107 ludziom &hellip;<\/p>\n","protected":false},"author":1,"featured_media":76,"parent":2,"menu_order":0,"comment_status":"closed","ping_status":"closed","template":"","meta":{"footnotes":""},"class_list":["post-11","page","type-page","status-publish","has-post-thumbnail","hentry"],"_links":{"self":[{"href":"https:\/\/bozyogrod.eu\/index.php?rest_route=\/wp\/v2\/pages\/11","targetHints":{"allow":["GET"]}}],"collection":[{"href":"https:\/\/bozyogrod.eu\/index.php?rest_route=\/wp\/v2\/pages"}],"about":[{"href":"https:\/\/bozyogrod.eu\/index.php?rest_route=\/wp\/v2\/types\/page"}],"author":[{"embeddable":true,"href":"https:\/\/bozyogrod.eu\/index.php?rest_route=\/wp\/v2\/users\/1"}],"replies":[{"embeddable":true,"href":"https:\/\/bozyogrod.eu\/index.php?rest_route=%2Fwp%2Fv2%2Fcomments&post=11"}],"version-history":[{"count":13,"href":"https:\/\/bozyogrod.eu\/index.php?rest_route=\/wp\/v2\/pages\/11\/revisions"}],"predecessor-version":[{"id":279,"href":"https:\/\/bozyogrod.eu\/index.php?rest_route=\/wp\/v2\/pages\/11\/revisions\/279"}],"up":[{"embeddable":true,"href":"https:\/\/bozyogrod.eu\/index.php?rest_route=\/wp\/v2\/pages\/2"}],"wp:featuredmedia":[{"embeddable":true,"href":"https:\/\/bozyogrod.eu\/index.php?rest_route=\/wp\/v2\/media\/76"}],"wp:attachment":[{"href":"https:\/\/bozyogrod.eu\/index.php?rest_route=%2Fwp%2Fv2%2Fmedia&parent=11"}],"curies":[{"name":"wp","href":"https:\/\/api.w.org\/{rel}","templated":true}]}}