{"id":114,"date":"2020-10-31T20:53:09","date_gmt":"2020-10-31T20:53:09","guid":{"rendered":"http:\/\/bozyogrod.pl\/?page_id=114"},"modified":"2025-11-02T21:48:25","modified_gmt":"2025-11-02T21:48:25","slug":"rekolekcje-na-co-dzien","status":"publish","type":"page","link":"https:\/\/bozyogrod.eu\/?page_id=114","title":{"rendered":"Rekolekcje na co dzie\u0144"},"content":{"rendered":"\n<h3 class=\"wp-block-heading\">Rekolekcje na co dzie\u0144<\/h3>\n\n\n\n<p>P\u00f3\u017ano\u015bredniowieczny termin <em>recollectio<\/em> oznacza\u0142 &#8222;wewn\u0119trzne skupienie&#8221; &#8211; celem rekolekcji jest skupienie si\u0119 na Bogu poprzez modlitw\u0119 i ws\u0142uchiwanie si\u0119 w S\u0142owo Bo\u017ce. Nie ka\u017cdy mo\u017ce sobie pozwoli\u0107 na wyjazd na rekolekcje tygodniowe czy nawet weekendowe. Dlatego postanowi\u0142em zaoferowa\u0107 rekolekcje na co dzie\u0144 &#8211; pi\u0119ciotygodniowy program rekolekcji, kt\u00f3re mo\u017cna po\u0142\u0105czy\u0107 z codziennymi obowi\u0105zkami i zadaniami. Jest to zreszt\u0105 idea\u0142 reformacji lutera\u0144skiej &#8211; po\u0142\u0105czenie wewn\u0119trznego \u017cycia, skupionego na Jezusie Chrystusie, z aktywno\u015bci\u0105 zewn\u0119trzn\u0105, podejmowaniem wszystkich wyzwa\u0144 codziennego \u017cycia. Tak w\u0142a\u015bnie mo\u017ce \u0142\u0105czy\u0107 si\u0119 ze sob\u0105 mi\u0142o\u015b\u0107 do Boga i do bli\u017aniego.<\/p>\n\n\n\n<h3 class=\"wp-block-heading\">Jak to wygl\u0105da?<\/h3>\n\n\n\n<p>W praktyce ka\u017cdy uczestnik przez okres pi\u0119ciu tygodni deklaruje si\u0119 po\u015bwi\u0119ci\u0107 dziennie 20-30 min na realizowanie programu rekolekcji, kt\u00f3ry sk\u0142ada si\u0119 ze studiowania Biblii, modlitwy, duchowych \u0107wicze\u0144 i pog\u0142\u0119bionego \u015bwi\u0119towania niedzieli. Najlepszym sposobem na przej\u015bcie tego programu jest do\u0142\u0105czenie do grupy, kt\u00f3ra spotyka si\u0119 raz na tydzie\u0144, \u017ceby w otwarty spos\u00f3b porozmawia\u0107 o swoich do\u015bwiadczeniach, sukcesach i pora\u017ckach, odkryciach i wyzwaniach w przechodzeniu przez program rekolekcji. Tam, gdzie to mo\u017cliwe, dobrze jest uzupe\u0142ni\u0107 rekolekcje na co dzie\u0144 indywidualnym spotkaniem, a jeszcze lepiej spotkaniami, z duchowym przewodnikiem lub duszpasterzem.<\/p>\n\n\n\n<h3 class=\"wp-block-heading\">Formy i rodzaje<\/h3>\n\n\n\n<p>Rekolekcje codzienne mog\u0105 by\u0107 powi\u0105zane z okresami roku liturgicznego &#8211; jak np. z Adwentem, przygotowuj\u0105c do g\u0142\u0119bszego prze\u017cycia Bo\u017cego Narodzenia, czy te\u017c skupia\u0107 si\u0119 na jakim\u015b temacie w \u017cyciu duchowym, biblijnej postaci czy temacie ksi\u0119gi biblijnej. <\/p>\n\n\n\n<p>Najch\u0119tniej widzia\u0142bym spotkania stacjonarne grup i powi\u0105zanie ich z lokalnymi parafiami, co jednak w sytuacji pandemii i konieczno\u015bci przenoszenia znacznej cz\u0119\u015bci aktywno\u015bci w przestrze\u0144 internetu by\u0142o utrudnione. Z tego powodu zdecydowa\u0142em o poprowadzeniu rekolekcji codziennych w Adwencie 2020 roku w formie elektronicznej i zaproponowaniu zdalnych spotka\u0144, kt\u00f3re zda\u0142y egzamin. <\/p>\n\n\n\n<p>Obecnie zach\u0119cam do prowadzenia spotka\u0144 na \u017cywo, a jedynie tam, gdzie nie jest to z jakich\u015b powod\u00f3w mo\u017cliwe, do prowadzenia spotka\u0144 grup w formie zdalnej. Szczeg\u00f3\u0142owe informacje w zak\u0142adce <a href=\"https:\/\/bozyogrod.eu\/?page_id=134\" data-type=\"link\" data-id=\"https:\/\/bozyogrod.eu\/?page_id=134\">Adwent 2025<\/a>.<\/p>\n","protected":false},"excerpt":{"rendered":"<p>Rekolekcje na co dzie\u0144 P\u00f3\u017ano\u015bredniowieczny termin recollectio oznacza\u0142 &#8222;wewn\u0119trzne skupienie&#8221; &#8211; celem rekolekcji jest skupienie si\u0119 na Bogu poprzez modlitw\u0119 i ws\u0142uchiwanie si\u0119 w S\u0142owo Bo\u017ce. Nie ka\u017cdy mo\u017ce sobie pozwoli\u0107 na wyjazd na rekolekcje tygodniowe &hellip;<\/p>\n","protected":false},"author":1,"featured_media":118,"parent":0,"menu_order":2,"comment_status":"closed","ping_status":"closed","template":"","meta":{"footnotes":""},"class_list":["post-114","page","type-page","status-publish","has-post-thumbnail","hentry"],"_links":{"self":[{"href":"https:\/\/bozyogrod.eu\/index.php?rest_route=\/wp\/v2\/pages\/114","targetHints":{"allow":["GET"]}}],"collection":[{"href":"https:\/\/bozyogrod.eu\/index.php?rest_route=\/wp\/v2\/pages"}],"about":[{"href":"https:\/\/bozyogrod.eu\/index.php?rest_route=\/wp\/v2\/types\/page"}],"author":[{"embeddable":true,"href":"https:\/\/bozyogrod.eu\/index.php?rest_route=\/wp\/v2\/users\/1"}],"replies":[{"embeddable":true,"href":"https:\/\/bozyogrod.eu\/index.php?rest_route=%2Fwp%2Fv2%2Fcomments&post=114"}],"version-history":[{"count":9,"href":"https:\/\/bozyogrod.eu\/index.php?rest_route=\/wp\/v2\/pages\/114\/revisions"}],"predecessor-version":[{"id":345,"href":"https:\/\/bozyogrod.eu\/index.php?rest_route=\/wp\/v2\/pages\/114\/revisions\/345"}],"wp:featuredmedia":[{"embeddable":true,"href":"https:\/\/bozyogrod.eu\/index.php?rest_route=\/wp\/v2\/media\/118"}],"wp:attachment":[{"href":"https:\/\/bozyogrod.eu\/index.php?rest_route=%2Fwp%2Fv2%2Fmedia&parent=114"}],"curies":[{"name":"wp","href":"https:\/\/api.w.org\/{rel}","templated":true}]}}