{"id":134,"date":"2020-10-31T23:05:56","date_gmt":"2020-10-31T23:05:56","guid":{"rendered":"http:\/\/bozyogrod.pl\/?page_id=134"},"modified":"2025-11-06T23:25:40","modified_gmt":"2025-11-06T23:25:40","slug":"adwent-2020","status":"publish","type":"page","link":"https:\/\/bozyogrod.eu\/?page_id=134","title":{"rendered":"Adwent 2025 &#8211; Stare drogi nowego"},"content":{"rendered":"\n<h4 class=\"wp-block-heading has-text-align-center\">O rekolekcjach codziennych w Adwencie 2025<\/h4>\n\n\n\n<p>W ostanim kwartale roku 2025 serdecznie zapraszam do wzi\u0119cia udzia\u0142u w rekolekcjach codziennych. Rekolekcje s\u0105 zaplanowane na pi\u0119\u0107 do sze\u015bciu tygodni (decyduje organizator) &#8211; jeden przygotowuj\u0105cy i trzy\/cztery powi\u0105zane z niedzielami Adwentu (Wigilia wypada trzy dni po 4. Adwentu) oraz ostatni, zamykaj\u0105cy proce rekolekcji. Program zako\u0144czy si\u0119 tu\u017c przed Bo\u017cym Narodzeniem. Materia\u0142y b\u0119d\u0105 udost\u0119pniane w formie elektronicznej, kt\u00f3ra b\u0119dzie umo\u017cliwia\u0142a wydrukowanie ich na domowej drukarce lub korzystanie z nich wy\u0142\u0105cznie w formie elektronicznej.<\/p>\n\n\n\n<h4 class=\"wp-block-heading\">Plan pracy<\/h4>\n\n\n\n<p>Rekolekcje rozpoczynamy w okolicach <strong>19 listopada<\/strong> (do drugiego spotkania grupy rekolekcyjnej mo\u017cna jeszcze przyj\u0105\u0107 ch\u0119tne osoby), a ko\u0144czymy nie p\u00f3\u017aniej jak 23 grudnia. Najlepszym sposobem przej\u015bcia przez Adwent z pomoc\u0105 rekolekcji jest do\u0142\u0105czenie do grupy parafialnej, kt\u00f3ra spotka si\u0119 pi\u0119cio- lub sze\u015bciokrotnie. Do\u015bwiadczenie uczy, \u017ce grupa nie powinna liczy\u0107 wi\u0119cej jak osiem os\u00f3b plus prowadz\u0105cy grup\u0119, aby by\u0142a mo\u017cliwa wymiana do\u015bwiadcze\u0144, my\u015bli i wsp\u00f3lne przyjrzenie si\u0119 duchowej drodze rekolekcji. Spotkania trwaj\u0105 oko\u0142o godzin\u0119. Grupy s\u0105 zobowi\u0105zane do zachowania poufno\u015bci i maj\u0105 ustalone regu\u0142y, kt\u00f3re przedstawi prowadz\u0105cy dan\u0105 grup\u0119. Prowadz\u0105cym mog\u0105 by\u0107 duchowni, wsp\u00f3\u0142pracownicy i wolontariusze parafii, kt\u00f3rzy maja umiej\u0119tno\u015bci prowadzenia i moderowania spotka\u0144 grup. Dobrze, \u017ceby wiedzieli do kogo si\u0119 zwr\u00f3ci\u0107 po pomoc, je\u015bli kto\u015b z uczestnik\u00f3w oka\u017ce si\u0119 by\u0107 w kryzysie zdrowia psychicznego lub pojawi si\u0119 temat, kt\u00f3ry przerasta moderatora.<\/p>\n\n\n\n<h4 class=\"wp-block-heading\">Plan tygodnia<\/h4>\n\n\n\n<p>Ka\u017cdy tydzie\u0144 rekolekcji sk\u0142ada si\u0119 ze studiowania tekstu biblijnego (2-3 dni), Psalm\u00f3w kolejnych niedziel Adwentu (1-2 dni), modlitewnego spaceru (1 dzie\u0144), pog\u0142\u0119bionego \u015bwi\u0119towania niedzieli (1 dzie\u0144) oraz powt\u00f3rki\/pog\u0142\u0119bienia (1 dzie\u0144). Ca\u0142y proces tygodnia ma wprowadza\u0107 w rozmow\u0119 z Bogiem, a cotygodniowe spotkania tak\u017ce w odkrywanie tego, jak r\u00f3\u017cnorodnie B\u00f3g przemawia i dzia\u0142a w \u017cyciu ludzi.<\/p>\n\n\n\n<p>Ka\u017cdy z czterech tygodni ma sw\u00f3j temat &#8211; Tydzie\u0144 1: <em>Stare drogi nowego?<\/em>; Tydzie\u0144 2: <em>Ca\u0142kiem zapoznana prawda&#8230;<\/em>; Tydzie\u0144 3: <em>Co chcesz widzie\u0107?<\/em>; Tydzie\u0144 4: <em>Surowe oblicze \u0142aski<\/em>; Tydzie\u0144 5: <em>Pewno\u015b\u0107 w\u015br\u00f3d rozczarowa\u0144?<\/em>, Tydzie\u0144 6 to zamkni\u0119cie procesu rekolekcji.<\/p>\n\n\n\n<p>Cotygodniowe spotkanie grupy jest okazj\u0105 wymiany do\u015bwiadcze\u0144, dzielenia si\u0119 zar\u00f3wno odkryciami, jak i trudno\u015bciami. Przej\u015bcie przez Adwent z codziennym czasem skupienia nad S\u0142owem Bo\u017cym i modlitw\u0105 ma pom\u00f3c w przygotowaniu si\u0119 do \u015awi\u0105t Narodzenia Pa\u0144skiego, kt\u00f3rych g\u0142\u0119bokie i niesamowite przes\u0142anie uchodzi naszej uwadze, gdy wpadamy w nie zm\u0119czeni adwentowym nawa\u0142em spotka\u0144, sprawunk\u00f3w i in.<\/p>\n\n\n\n<h3 class=\"wp-block-heading has-text-align-center\">Zg\u0142oszenie i kwestie organizacyjne<\/h3>\n\n\n\n<h4 class=\"wp-block-heading\">Parafie<\/h4>\n\n\n\n<p>Rekolekcje codzienne s\u0105 adresowane przede wszystkim do parafii Ko\u015bcio\u0142a Ewangelicko-Augsburskiego, ze wzgl\u0119du na ich osadzenie w ewangelickiej tradycji studiowania S\u0142owa i modlitwy oraz \u015bcis\u0142e powi\u0105zanie z rokiem liturgicznym (has\u0142a niedziel, teksty kazalne, tematy tygodni Adwentu). Z tego wzgl\u0119du przyjmujemy zg\u0142oszenia uczestnictwa od parafii na adres: <strong>kontakt[ma\u0142pa]fotoarteo.pl<\/strong> (firma Fotoarteo obs\u0142uguje kwestie organizacyjne i rachunkowe). Op\u0142ata rekolekcyjna dla parafii, niezale\u017cnie od liczby prowadzonych grup to <strong>500 z\u0142<\/strong> (w przypadku parafii w trudnej sytuacji finansowej prosimy o informacj\u0119 o tym fakcie i znajdziemy jakie\u015b rozwi\u0105zanie). Op\u0142ata jest przeznaczona na koszta opracowania materia\u0142\u00f3w oraz na inwestycj\u0119 w rozw\u00f3j tej formy rekolekcyjnej. Termin zg\u0142osze\u0144 up\u0142ywa <strong>18 listopada<\/strong>!<\/p>\n\n\n\n<p>W przypadku pyta\u0144 dotycz\u0105cych organizacji rekolekcji ze strony prowadz\u0105cych, prosz\u0119 o kontakt na adres: grzegorz.olek[ma\u0142pa]luteranie.pl.<\/p>\n\n\n\n<p>W dniach 12-18 listopada udost\u0119pni\u0119 szkolenia online dla os\u00f3b prowadz\u0105cych grupy rekolekcyjne, w trakcie kt\u00f3rych przedstawi\u0119 szczeg\u00f3\u0142owo program poszczeg\u00f3lnych tygodni, dobre praktyki prowadzenia rekolekcji codziennych oraz b\u0119dzie przestrze\u0144 na zadanie pyta\u0144 w kwestiach, kt\u00f3re wydaj\u0105 si\u0119 niejasne i wymagaj\u0105 wyja\u015bnienia b\u0105d\u017a podpowiedzi jak je organizowa\u0107 w praktyce.<\/p>\n\n\n\n<h4 class=\"wp-block-heading\">Osoby zainteresowane<\/h4>\n\n\n\n<p>Osoby zainteresowane udzia\u0142em w rekolekcjach codziennych zach\u0119cam do zg\u0142oszenia tego faktu duchownym parafii &#8211; og\u0142oszenie organizacji grupy rekolekcyjnej w parafii jest okazj\u0105 do zaproszenia tak\u017ce innych os\u00f3b, a dla duchownych jest to wa\u017cny sygna\u0142 zainteresowania rekolekcjami ze strony parafian i sympatyk\u00f3w parafii. W parafiach, w kt\u00f3rych prowadzone s\u0105 spotkania grup (biblijnych, domowych, tematycznych) rekolekcje codzienne mog\u0105 by\u0107 sze\u015bciotygodniowym programem do wsp\u00f3lnego przej\u015bcia przez Adwent. Poni\u017csza lista parafii organizuj\u0105cych rekolekcje jest u\u0142atwieniem w nawi\u0105zaniu kontaktu i poszukiwaniu grup, do kt\u00f3rych mo\u017cna do\u0142\u0105czy\u0107 w rekolekcjach codziennych. Je\u015bli pojawi\u0105 si\u0119 grupy prowadzone w trybie zdalnym, b\u0119dzie to zaznaczone poni\u017cej.<\/p>\n\n\n\n<h3 class=\"wp-block-heading has-text-align-center\">Parafie organizuj\u0105ce rekolekcje<\/h3>\n\n\n\n<p>Na dzie\u0144 dzisiejszy nast\u0119puj\u0105ce parafie ewangelicko-augsburskie organizuj\u0105 grupy rekolekcji codziennych:<\/p>\n\n\n\n<p>Parafia Ewangelicko-Augsburska w Dzi\u0119gielowie;<\/p>\n","protected":false},"excerpt":{"rendered":"<p>O rekolekcjach codziennych w Adwencie 2025 W ostanim kwartale roku 2025 serdecznie zapraszam do wzi\u0119cia udzia\u0142u w rekolekcjach codziennych. Rekolekcje s\u0105 zaplanowane na pi\u0119\u0107 do sze\u015bciu tygodni (decyduje organizator) &#8211; jeden przygotowuj\u0105cy i trzy\/cztery powi\u0105zane z &hellip;<\/p>\n","protected":false},"author":1,"featured_media":194,"parent":114,"menu_order":1,"comment_status":"closed","ping_status":"closed","template":"","meta":{"footnotes":""},"class_list":["post-134","page","type-page","status-publish","has-post-thumbnail","hentry"],"_links":{"self":[{"href":"https:\/\/bozyogrod.eu\/index.php?rest_route=\/wp\/v2\/pages\/134","targetHints":{"allow":["GET"]}}],"collection":[{"href":"https:\/\/bozyogrod.eu\/index.php?rest_route=\/wp\/v2\/pages"}],"about":[{"href":"https:\/\/bozyogrod.eu\/index.php?rest_route=\/wp\/v2\/types\/page"}],"author":[{"embeddable":true,"href":"https:\/\/bozyogrod.eu\/index.php?rest_route=\/wp\/v2\/users\/1"}],"replies":[{"embeddable":true,"href":"https:\/\/bozyogrod.eu\/index.php?rest_route=%2Fwp%2Fv2%2Fcomments&post=134"}],"version-history":[{"count":62,"href":"https:\/\/bozyogrod.eu\/index.php?rest_route=\/wp\/v2\/pages\/134\/revisions"}],"predecessor-version":[{"id":346,"href":"https:\/\/bozyogrod.eu\/index.php?rest_route=\/wp\/v2\/pages\/134\/revisions\/346"}],"up":[{"embeddable":true,"href":"https:\/\/bozyogrod.eu\/index.php?rest_route=\/wp\/v2\/pages\/114"}],"wp:featuredmedia":[{"embeddable":true,"href":"https:\/\/bozyogrod.eu\/index.php?rest_route=\/wp\/v2\/media\/194"}],"wp:attachment":[{"href":"https:\/\/bozyogrod.eu\/index.php?rest_route=%2Fwp%2Fv2%2Fmedia&parent=134"}],"curies":[{"name":"wp","href":"https:\/\/api.w.org\/{rel}","templated":true}]}}